ghest common divisor of 744 and 93?
93
What is the greatest common factor of 414 and 10281?
69
Calculate the highest common divisor of 12321 and 72.
9
Calculate the highest common factor of 496 and 310.
62
What is the highest common factor of 25 and 29675?
25
What is the highest common divisor of 385 and 21?
7
Calculate the greatest common divisor of 630 and 1095.
15
Calculate the highest common factor of 21597 and 138.
69
Calculate the greatest common factor of 2010 and 510.
30
Calculate the greatest common factor of 114 and 2793.
57
Calculate the highest common factor of 32 and 18.
2
What is the highest common factor of 1528 and 4?
4
Calculate the greatest common factor of 296 and 481.
37
What is the greatest common divisor of 350 and 42?
14
Calculate the highest common factor of 152 and 19.
19
What is the highest common divisor of 6 and 22614?
6
Calculate the greatest common divisor of 418 and 608.
38
Calculate the greatest common factor of 44 and 1012.
44
Calculate the greatest common divisor of 42 and 1778.
14
What is the greatest common divisor of 67 and 871?
67
Calculate the highest common factor of 141 and 5875.
47
What is the highest common divisor of 300 and 48?
12
What is the highest common divisor of 192 and 132?
12
Calculate the highest common divisor of 15 and 33.
3
Calculate the highest common divisor of 180 and 20.
20
Calculate the greatest common divisor of 136 and 85.
17
What is the highest common factor of 1275 and 1071?
51
Calculate the greatest common divisor of 12 and 324.
12
Calculate the greatest common divisor of 260 and 4290.
130
What is the greatest common divisor of 642 and 6?
6
Calculate the highest common divisor of 18 and 549.
9
Calculate the greatest common factor of 4025 and 350.
175
What is the highest common factor of 494 and 38?
38
What is the greatest common factor of 69 and 667?
23
What is the highest common factor of 2556 and 12?
12
Calculate the highest common divisor of 64 and 960.
64
What is the highest common factor of 201 and 2747?
67
Calculate the greatest common divisor of 44 and 77.
11
What is the greatest common factor of 32 and 1088?
32
What is the highest common divisor of 320 and 10?
10
Calculate the highest common divisor of 132 and 77.
11
What is the greatest common factor of 159 and 12614?
53
What is the highest common divisor of 90 and 370?
10
Calculate the greatest common divisor of 50 and 6.
2
Calculate the highest common divisor of 243 and 432.
27
Calculate the greatest common divisor of 224 and 856.
8
What is the highest common factor of 1 and 237?
1
Calculate the highest common divisor of 98 and 343.
49
Calculate the highest common factor of 1976 and 52.
52
Calculate the greatest common factor of 446 and 2.
2
Calculate the greatest common factor of 508 and 5969.
127
Calculate the highest common divisor of 1098 and 18.
18
What is the highest common factor of 747 and 36?
9
What is the highest common divisor of 429 and 33?
33
Calculate the highest common divisor of 67 and 1809.
67
What is the highest common divisor of 48 and 256?
16
What is the highest common factor of 1066 and 3034?
82
What is the highest common factor of 4240 and 10?
10
Calculate the greatest common factor of 32 and 74.
2
Calculate the greatest common factor of 4864 and 76.
76
Calculate the greatest common factor of 5368 and 88.
88
What is the greatest common factor of 1372 and 42?
14
What is the highest common divisor of 720 and 1280?
80
Calculate the greatest common factor of 16 and 13.
1
What is the greatest common divisor of 3840 and 120?
120
What is the highest common divisor of 720 and 1380?
60
What is the greatest common divisor of 6 and 300?
6
Calculate the highest common factor of 1209 and 117.
39
What is the highest common factor of 9 and 3033?
9
Calculate the highest common divisor of 217 and 31.
31
Calculate the highest common divisor of 56 and 392.
56
What is the greatest common divisor of 286 and 13?
13
What is the greatest common factor of 2838 and 132?
66
What is the greatest common divisor of 38 and 399?
19
What is the greatest common divisor of 21 and 6531?
21
What is the highest common factor of 192 and 18456?
24
Calculate the highest common factor of 72 and 117.
9
What is the greatest common divisor of 261 and 9?
9
Calculate the highest common factor of 272 and 480.
16
What is the highest common divisor of 146 and 14162?
146
Calculate the highest common factor of 3249 and 19.
19
What is the highest common divisor of 30 and 147390?
30
Calculate the greatest common divisor of 988 and 156.
52
Calculate the highest common divisor of 188 and 1974.
94
Calculate the greatest common divisor of 30 and 585.
15
What is the highest common divisor of 27 and 189?
27
Calculate the greatest common factor of 341 and 62.
31
Calculate the highest common factor of 255 and 3655.
85
What is the highest common divisor of 2286 and 18?
18
What is the highest common divisor of 2714 and 46?
46
Calculate the greatest common divisor of 209 and 304.
19
What is the greatest common divisor of 1026 and 38?
38
Calculate the highest common divisor of 29 and 6641.
29
What is the highest common divisor of 11 and 29579?
11
What is the highest common factor of 109 and 1199?
109
Calculate the highest common divisor of 126 and 45.
9
Calculate the greatest common factor of 6585 and 10.
5
What is the greatest common divisor of 12 and 4449?
3
Calculate the highest common divisor of 846 and 72.
18
Calculate the highest common factor of 22 and 4.
2
Calculate the highest common factor of 88 and 1408.
88
Calculate the greatest common factor of 882 and 36.
18
What is the highest common divisor of 14 and 54?
2
What is the highest common factor of 1702 and 148?
74
What is the highest common divisor of 1700 and 500?
100
What is the greatest common factor of 54 and 11961?
27
What is the greatest common factor of 646 and 874?
38
Calculate the greatest common divisor of 62 and 1984.
62
Calculate the highest common factor of 2232 and 96.
24
What is the greatest common divisor of 272 and 2584?
136
Calculate the greatest common divisor of 8082 and 54.
18
What is the greatest common divisor of 3290 and 30?
10
Calculate the greatest common factor of 7426 and 329.
47
Calculate the greatest common factor of 208 and 16.
16
What is the highest common factor of 294 and 1078?
98
Calculate the highest common factor of 53 and 1166.
53
Calculate the greatest common factor of 1313 and 13.
13
Calculate the greatest common divisor of 36 and 2460.
12
Calculate the highest common factor of 164 and 574.
82
Calculate the highest common divisor of 13 and 2.
1
What is the highest common factor of 391 and 3657?
23
What is the greatest common divisor of 2590 and 70?
70
Calculate the highest common divisor of 26 and 598.
26
What is the highest common divisor of 271 and 29539?
271
Calculate the greatest common divisor of 116 and 1189.
29
Calculate the highest common divisor of 198 and 22374.
198
Calculate the greatest common factor of 14 and 4382.
14
What is the highest common divisor of 1196 and 322?
46
What is the greatest common factor of 2 and 8?
2
What is the highest common divisor of 1296 and 132?
12
What is the greatest common factor of 10 and 1390?
10
What is the highest common divisor of 828 and 24?
12
What is the greatest common factor of 21666 and 2355?
471
Calculate the highest common factor of 1110 and 30.
30
What is the highest common factor of 44 and 7348?
44
What is the highest common divisor of 20 and 160?
20
What is the greatest common factor of 663 and 1482?
39
Calculate the greatest common factor of 1937 and 39.
13
Calculate the highest common factor of 8909 and 767.
59
What is the highest common divisor of 3289 and 506?
253
Calculate the highest common factor of 144 and 80.
16
Calculate the greatest common divisor of 1167 and 6.
3
Calculate the greatest common factor of 102 and 51.
51
What is the highest common divisor of 645 and 165?
15
Calculate the highest common divisor of 90 and 2880.
90
What is the greatest common divisor of 31588 and 1060?
212
What is the highest common divisor of 1150 and 2530?
230
Calculate the greatest common factor of 3968 and 2.
2
Calculate the highest common factor of 1824 and 36.
12
Calculate the greatest common factor of 5